4
Suppose -2*l = 2, 22 - 3 = 5*y - 4*l. Suppose 2*h = 2*f + 86, y*h - 2*h + 3*f - 63 = 0. Calculate the highest common divisor of h and 16.
16
Suppose 6 = 5*u - 24. Let c = u - 4. Suppose -3*s = -2*n + 13, -3*s = n - 0*s - c. Calculate the greatest common divisor of n and 10.
5
Let l(s) = -s**2 + 26*s - 30. Let z be l(24). What is the greatest common factor of z and 126?
18
Let x be 3/(((28/(-8))/(-7))/1). Calculate the highest common factor of 6 and x.
6
Let n = 5 + -8. Let m be ((-10)/n)/((-8)/(-12)). Let x(y) = 4*y - 6. Let u be x(m). What is the highest common factor of u and 154?
14
Let k be 8*2/(-3 - -19). Calculate the greatest common divisor of 5 and k.
1
Suppose 2*s - 21 = 11. Calculate the highest common divisor of s and 2.
2
Let p = 0 - 48. Let o = p - -78. Let h be -3 + 5 - (0 - 73). What is the highest common divisor of o and h?
15
Let h(a) = -28*a + 15. Let s be h(-3). What is the highest common factor of 11 and s?
11
Let t = 4 - 1. Let r be (t/(-4))/((-4)/96). Let y be (r/(-4))/((-5)/50). Calculate the greatest common divisor of 5 and y.
5
Let d be 1 + (-2 - (-15 - -2)). Let q(k) = -20*k + 4. Suppose -1 = 3*j + 11. Let r be q(j). Calculate the greatest common divisor of d and r.
12
Let l(b) = -4*b - 6. Let f be l(-4). Calculate the greatest common divisor of 50 and f.
10
Let b(i) = i**3 - 13*i**2 + 33*i - 2. Let m be b(10). Calculate the highest common factor of m and 7.
7
Let h(u) = -u**3 + 7*u**2 + 5*u - 1. Let n be h(-4). Suppose 4*m - a = 248, -2*a = m - 7*a - 62. What is the highest common divisor of n and m?
31
Let g be (36/27)/(1/6). What is the greatest common factor of g and 8?
8
Let a = 14 - 12. Suppose 4*m - 176 = -2*h, -3*m - a*m = 25. What is the highest common divisor of h and 14?
14
Let v be 2 + 335 + 0 + -2. Let i be -1*201 - 2/(-2). Let a = v + i. What is the highest common divisor of 15 and a?
15
Let a(o) = 7*o**2 - 4*o + 29. Let q be a(5). What is the highest common divisor of 23 and q?
23
Let i(f) = -f**3 + f**2 + 4*f - 2. Let s be i(3). Let r be 3/12 - 14/s. Let g be 5/(r/(-18)*-3). What is the highest common divisor of g and 135?
15
Let r(z) = -33*z - 2. Let p be r(-4). Suppose y = -p - 4. Let b = y - -343. What is the highest common divisor of 19 and b?
19
Let p(i) = 9*i + 4. Let m be p(5). Suppose 0 = -3*z + m - 7. Calculate the highest common factor of z and 112.
14
Suppose 4*r + p = 56, -2*r + 8 + 2 = 5*p. What is the highest common factor of 30 and r?
15
Let o(q) = -2*q - 12. Let g be o(-7). Suppose -2*y = g*y - 112. Calculate the greatest common divisor of 14 and y.
14
Suppose 327 = 3*b + y, -4*b = 2*y + 3*y - 425. What is the highest common divisor of 22 and b?
22
Let z(t) = -6*t - 10. Let y be z(-10). Let w = y - 10. Calculate the greatest common divisor of 10 and w.
10
Let l(d) = -d + 9. Let i be l(5). Let v be i/(-4) - 1*-1. Suppose 0 = -5*y - v*y + 30. What is the highest common divisor of y and 54?
6
Suppose -f + 2*p = -2, -p = 4*f + p - 8. Suppose 4*q - f*q - 4*t - 32 = 0, -t = -4*q + 43. Suppose 0 = g - q - 8. What is the highest common factor of 18 and g?
18
Let w be (-187)/55 - (-4)/10. Let o = w + 5. What is the greatest common divisor of o and 22?
2
Let j(x) = -x**2 - 4*x + 5. Let k be j(-4). Suppose 2*o = -2*y + k*y - 11, -3*y + o + 13 = 0. Calculate the greatest common divisor of y and 45.
5
Let z be 2/(-7) + (-354)/(-14). Suppose -q + z = -23. Let j(t) = 3*t - 6. Let v be j(6). What is the greatest common divisor of v and q?
12
Let q(z) = -5*z**3 - 4*z**2 - 2*z + 2. Let b be q(-2). Calculate the greatest common factor of 3 and b.
3
Suppose 3*z - 77 = 499. What is the highest common factor of z and 24?
24
Let f = -1 - 0. Let r be -5*f/(20/168). Calculate the greatest common divisor of r and 28.
14
Let p be 6/((63/(-156))/(-7)). Suppose 4*y = p + 24. Calculate the highest common divisor of y and 16.
16
Suppose 3*h - 4*f = -h + 160, 0 = 5*h - 2*f - 188. What is the highest common factor of h and 54?
18
Let b(l) = -l**2 - 11*l - 7. Let w be b(-9). What is the greatest common factor of w and 22?
11
Suppose -2*w = -4*y - 1 - 1, -2*w - 5*y + 2 = 0. Suppose 0 = -3*i + 8 + w. What is the greatest common factor of i and 24?
3
Suppose 0 = m + 2*a + 7, m + 0*a = 5*a - 35. Let p be (m/25)/((-2)/10). What is the highest common divisor of 24 and p?
3
Let m be (-1)/(3*(-1)/219). Let k = 8 + -3. Suppose k*z = m + 87. Calculate the greatest common divisor of 48 and z.
16
Let r = 0 + 1. Let l be 1/(r/(-4 + -2)). Let f be (-4)/l + 84/9. Calculate the highest common factor of 80 and f.
10
Let j(b) = b**2 - 5*b - 2. Let r be -1*(-6 + -1 - -1). Let w be j(r). What is the greatest common factor of 6 and w?
2
Let m(a) be the second derivative of 7*a**4/4 - a**3/6 + a**2/2 + 3*a. Let q = -5 + 6. Let o be m(q). Calculate the highest common divisor of o and 21.
21
Let y = 58 + -50. What is the greatest common divisor of y and 16?
8
Let y be (-2 - -1)/((-5)/790). Suppose 5*m + 58 - y = 0. Calculate the greatest common divisor of 60 and m.
20
Suppose 169 = 4*c + q, 0 = 2*c - 7*c + 2*q + 208. Calculate the greatest common divisor of 105 and c.
21
Let w(o) = 2*o**2 + o + 2. Let h be w(2). Let d = h + 1. Suppose -3*r - 46 = -4*c, -c - 2*c + 3*r + 33 = 0. What is the highest common divisor of c and d?
13
Let n(y) = 19*y**2 - 3. Let w be n(3). Calculate the greatest common factor of 42 and w.
42
Let u = 29 - -4. Let t be (-55)/10*(2 + -6). Calculate the greatest common divisor of t and u.
11
Let l(w) = -5*w + 5. Let s be l(5). Let o be 9/((-54)/s)*3. What is the greatest common factor of 20 and o?
10
Let w be 4/(-2)*(-60)/8. Let i(u) = -12*u - 3. Let y be i(-9). Suppose -4*j = -y - 15. Calculate the greatest common factor of w and j.
15
Let q(y) = y**3 - 23*y**2 + 5*y - 50. Let i be q(23). Calculate the greatest common divisor of i and 26.
13
Let g(w) = w**3 - 6*w**2 - 6. Let x be g(7). Let n = 70 - x. Suppose -4*f + 4*c + 40 = c, 0 = 5*f + 2*c - n. What is the greatest common factor of 21 and f?
7
Let u be (-2)/12 - (-49)/42. Let v be 7/3 + u/(-3). Suppose -r = 2*r - 48. What is the greatest common divisor of v and r?
2
Let g be 4/((-1)/6 - 0). Let a be g/20*10/(-2). Suppose 60 = 6*p - p. What is the greatest common divisor of p and a?
6
Suppose c + q - 2 = 2, c + 2 = 2*q. Suppose -3*i = c*w - 21, -5*i + 4*w + 39 = -18. Let g = i - 8. Calculate the highest common factor of 1 and g.
1
Suppose 0 = 4*o - 81 - 35. Let s be 12/((-2)/(232/(-6))). Calculate the greatest common factor of o and s.
29
Let q = 4 - -27. What is the highest common factor of 248 and q?
31
Suppose 4*p - 4*o - 224 = -2*o, 2*p = 2*o + 116. Calculate the greatest common divisor of 162 and p.
54
Let p be -2 + -3 + 2 + -1. Let l = 27 + p. Suppose -w - 4*d + l = 0, w + 2 = -3*d + 21. Calculate the greatest common factor of w and 21.
7
Suppose -x = -2*j + 3*j - 26, -2*j - 5*x = -67. Suppose 0*t + 3*t + 12 = 0. Let b be 12/t*28/(-6). Calculate the highest common factor of j and b.
7
Let w = 66 + -60. Calculate the greatest common factor of w and 48.
6
Let q = 1 - -19. Let d(v) = -5*v - 70. Let i be d(-15). Calculate the greatest common factor of q and i.
5
Let m be (0 + 6)/(2/(-4)). Let j = m + 17. Calculate the highest common divisor of 40 and j.
5
Suppose -2*m - 22 = -172. Calculate the highest common divisor of m and 30.
15
Let u(p) = -p + 23. Let n(q) = 3*q - 70. Let b(y) = -3*n(y) - 8*u(y). Let s be b(0). Suppose 2*o - s = 16. Calculate the highest common divisor of o and 168.
21
Suppose 6*u = 2*u + 36. Suppose 3*z - z - 72 = -4*r, -5*r = 0. What is the greatest common divisor of z and u?
9
Let j(p) = p**3 + 10*p**2 + p + 12. Let x be j(-10). Suppose -x*z - 3*z + 630 = 0. What is the greatest common factor of z and 14?
14
Suppose -3*t + 183 + 132 = 0. Calculate the greatest common divisor of t and 21.
21
Suppose 6 = 5*f - 3*f. Let h be (f/(-1))/(6/(-4)). Suppose j = 2*j - h. What is the greatest common factor of 8 and j?
2
Let k = 181 - 70. Let p = -41 + k. Let w = p + -43. Calculate the greatest common divisor of 9 and w.
9
Let h = -5 - -8. Suppose -h*q = -8*q. Suppose -108 = -2*m - 3*d - d, q = 5*m + d - 234. What is the greatest common divisor of 23 and m?
23
Let f = -33 - -40. Calculate the highest common factor of f and 42.
7
Let l(r) = -r**3 -